{"id":281,"date":"2021-11-16T13:33:31","date_gmt":"2021-11-16T11:33:31","guid":{"rendered":"https:\/\/sotsiaalmaja.johvi.ee\/?page_id=281"},"modified":"2025-12-19T10:04:55","modified_gmt":"2025-12-19T08:04:55","slug":"johvi-sotsiaalmaja-kodutute-oomaja-sisekorraeeskirjad","status":"publish","type":"page","link":"https:\/\/sotsiaalmaja.johvi.ee\/?page_id=281","title":{"rendered":"J\u00f5hvi Sotsiaalmaja kodutute \u00f6\u00f6maja sisekorraeeskirjad"},"content":{"rendered":"<p>Kinnitatud&nbsp; 09.02.2024.a.<br \/>\nJ\u00f5hvi Sotsiaalmaja direktori<br \/>\nk\u00e4skkirjaga nr. 5<\/p>\n<p>J\u00f5hvi kodutute \u00f6\u00f6maja on J\u00f5hvi Sotsiaalmaja struktuuri\u00fcksus, mis on kutsutud ellu \u00f6\u00f6maja teenuse osutamiseks kodu kaotanud isikutele.<\/p>\n<p>&nbsp;<\/p>\n<ol>\n<li>\u00d6\u00f6maja t\u00f6\u00f6tab iga p\u00e4ev kella18.00-8.00<\/li>\n<li>\u00d6\u00f6majale saabuja esitab korrapidajale isikut t\u00f5endava dokumendi. Dokumendi puudumisel teavitab korrapidajat oma eelmisest elukohast..<\/li>\n<li>\u00d6\u00f6maja korrapidaja registreerib saabunud isiku \u00f6\u00f6majaliste registreerimise&nbsp; raamatus. .<\/li>\n<li>Korrapidaja suunab \u00f6\u00f6majalise \u00f6\u00f6bimisruumi. Enne \u00f6\u00f6majale j\u00e4\u00e4mist on \u00f6\u00f6majataotleja kohustatud ennast pesema.<\/li>\n<li>Isiklikud asjad hoiab \u00f6\u00f6majaline talle eraldatud ruumis voodikoha juures.<\/li>\n<li>\u00d6\u00f6majja on keelatud tuua alkohoolseid jooke, uimastavaid ning kergestis\u00fcttivaid aineid, k\u00fclmrelvi ning terariistu<\/li>\n<li>Alkohoolsete jookide ja narkootiliste ainete tarbimine \u00f6\u00f6majas on keelatud..<\/li>\n<li>Korrapidajal on \u00f5igus kontrollida \u00f6\u00f6majalise pagasit. Alkohoolsete jookide ja teiste eelpoolmainitud ainete olemas olukorral korrapidajal on \u00f5igus neid hoiule \u00e4ra v\u00f5tta.&nbsp;<\/li>\n<li><span style=\"font-size: 1rem;\">Juhul kui on tegemist ainetega v\u00f5i esemetega, mille omamine on seadusega keelatud, peab korrapidaja koheselt informeerima politseid.<\/span><\/li>\n<li>Suitsetamine \u00f6\u00f6maja ruumides on keelatud.<\/li>\n<li>Antakse \u00f6\u00f6majalisele sooja teed , pakisuppi ja kuivprodukte.<\/li>\n<li><span style=\"font-size: 1rem;\">Vajaduse korral varustatakse \u00f6\u00f6majalised puhaste \u00fcleriietega ja pesuga.<\/span><\/li>\n<li><span style=\"font-size: 1rem;\">V\u00e4ljastpoolt J\u00f5hvi valda saabunud \u00f6\u00f6majalised v\u00f5ivad \u00f6\u00f6bida&nbsp; \u00fche \u00f6\u00f6. J\u00e4rgmisel hommikul on nad kohustatud ilmuma sotsiaalt\u00f6\u00f6taja v\u00f5i teda asendava isiku juurde , selgitamaks v\u00f5imalusi esmase sotsiaalabi j\u00e4tkamiseks v\u00f5i meetmete rakendamiseks nende omavalitsuste poolt kust \u00f6\u00f6majaline saabus J\u00f5hvi.<\/span><\/li>\n<li>J\u00f5hvi Sotsiaalmaja kodutute \u00f6\u00f6maja teenuse hind&nbsp; omavalitsustele, mille rahvastiku registrij\u00e4rgse elukohaga isik teenust vajab on 10 euro \u00f6\u00f6p\u00e4evas. Kodutute \u00f6\u00f6maja teenuste eest tasumine toimub esitatud arve ja teenusel viibinud isikute nimekirja alusel.<\/li>\n<li>Arstiabi korraldatakse Ida-Viru Keskhaigla kaudu.<\/li>\n<li>V\u00f5imaluse korral lubatakse pereliikmetel \u00f6\u00f6bida \u00fches ruumis.<\/li>\n<li>\u00d6\u00f6majalisel on \u00f5igus p\u00f6\u00f6rduda avalduste ja kaebustega Sotsiaalmaja direktori, J\u00f5hvi Vallavalitsuse, politsei, Sotsiaalministeeriumi, kohtu v\u00f5i teiste asutuste poole teda huvitavate k\u00fcsimuste lahendamiseks.<\/li>\n<\/ol>\n","protected":false},"excerpt":{"rendered":"<p>Kinnitatud&nbsp; 09.02.2024.a. J\u00f5hvi Sotsiaalmaja direktori k\u00e4skkirjaga nr. 5 J\u00f5hvi kodutute \u00f6\u00f6maja on J\u00f5hvi Sotsiaalmaja struktuuri\u00fcksus, mis on kutsutud ellu \u00f6\u00f6maja teenuse osutamiseks kodu kaotanud isikutele. &nbsp; \u00d6\u00f6maja t\u00f6\u00f6tab iga p\u00e4ev kella18.00-8.00 \u00d6\u00f6majale saabuja esitab korrapidajale isikut t\u00f5endava dokumendi. Dokumendi puudumisel teavitab korrapidajat oma eelmisest elukohast.. \u00d6\u00f6maja korrapidaja registreerib saabunud isiku \u00f6\u00f6majaliste registreerimise&nbsp; raamatus. . Korrapidaja [&hellip;]<\/p>\n","protected":false},"author":1,"featured_media":0,"parent":0,"menu_order":0,"comment_status":"closed","ping_status":"closed","template":"","meta":{"ngg_post_thumbnail":0,"footnotes":""},"class_list":["post-281","page","type-page","status-publish","hentry"],"_links":{"self":[{"href":"https:\/\/sotsiaalmaja.johvi.ee\/index.php?rest_route=\/wp\/v2\/pages\/281","targetHints":{"allow":["GET"]}}],"collection":[{"href":"https:\/\/sotsiaalmaja.johvi.ee\/index.php?rest_route=\/wp\/v2\/pages"}],"about":[{"href":"https:\/\/sotsiaalmaja.johvi.ee\/index.php?rest_route=\/wp\/v2\/types\/page"}],"author":[{"embeddable":true,"href":"https:\/\/sotsiaalmaja.johvi.ee\/index.php?rest_route=\/wp\/v2\/users\/1"}],"replies":[{"embeddable":true,"href":"https:\/\/sotsiaalmaja.johvi.ee\/index.php?rest_route=%2Fwp%2Fv2%2Fcomments&post=281"}],"version-history":[{"count":4,"href":"https:\/\/sotsiaalmaja.johvi.ee\/index.php?rest_route=\/wp\/v2\/pages\/281\/revisions"}],"predecessor-version":[{"id":340,"href":"https:\/\/sotsiaalmaja.johvi.ee\/index.php?rest_route=\/wp\/v2\/pages\/281\/revisions\/340"}],"wp:attachment":[{"href":"https:\/\/sotsiaalmaja.johvi.ee\/index.php?rest_route=%2Fwp%2Fv2%2Fmedia&parent=281"}],"curies":[{"name":"wp","href":"https:\/\/api.w.org\/{rel}","templated":true}]}}